[INFO] cloning repository https://github.com/4LT/qmpp
[INFO] running `Command { std: "git" "-c" "credential.helper=" "-c" "credential.helper=/workspace/cargo-home/bin/git-credential-null" "clone" "--bare" "https://github.com/4LT/qmpp" "/workspace/cache/git-repos/https%3A%2F%2Fgithub.com%2F4LT%2Fqmpp", kill_on_drop: false }`
[INFO] [stderr] Cloning into bare repository '/workspace/cache/git-repos/https%3A%2F%2Fgithub.com%2F4LT%2Fqmpp'...
[INFO] running `Command { std: "git" "rev-parse" "HEAD", kill_on_drop: false }`
[INFO] [stdout] 46e44034396df1741dd213fd09a7b21f227408d3
[INFO] checking 4LT/qmpp against master#9610dfe5a9a731ced1ea4923ecbd0c57fe367898 for beta-170-4
[INFO] running `Command { std: "git" "clone" "/workspace/cache/git-repos/https%3A%2F%2Fgithub.com%2F4LT%2Fqmpp" "/workspace/builds/worker-7-tc1/source", kill_on_drop: false }`
[INFO] [stderr] Cloning into '/workspace/builds/worker-7-tc1/source'...
[INFO] [stderr] done.
[INFO] validating manifest of git repo https://github.com/4LT/qmpp on toolchain 9610dfe5a9a731ced1ea4923ecbd0c57fe367898
[INFO] running `Command { std: CARGO_HOME="/workspace/cargo-home" RUSTUP_HOME="/workspace/rustup-home" "/workspace/cargo-home/bin/cargo" "+9610dfe5a9a731ced1ea4923ecbd0c57fe367898" "metadata" "--manifest-path" "Cargo.toml" "--no-deps", kill_on_drop: false }`
[INFO] started tweaking git repo https://github.com/4LT/qmpp
[INFO] finished tweaking git repo https://github.com/4LT/qmpp
[INFO] tweaked toml for git repo https://github.com/4LT/qmpp written to /workspace/builds/worker-7-tc1/source/Cargo.toml
[INFO] crate git repo https://github.com/4LT/qmpp already has a lockfile, it will not be regenerated
[INFO] running `Command { std: CARGO_HOME="/workspace/cargo-home" RUSTUP_HOME="/workspace/rustup-home" "/workspace/cargo-home/bin/cargo" "+9610dfe5a9a731ced1ea4923ecbd0c57fe367898" "fetch" "--manifest-path" "Cargo.toml", kill_on_drop: false }`
[INFO] [stderr]     Updating crates.io index
[INFO] [stderr]  Downloading crates ...
[INFO] [stderr]   Downloaded wasmtime-component-util v6.0.1
[INFO] [stderr]   Downloaded wasmtime-component-macro v6.0.1
[INFO] [stderr]   Downloaded wasmtime-wit-bindgen v6.0.1
[INFO] [stderr]   Downloaded wasmtime-fiber v6.0.1
[INFO] [stderr]   Downloaded quake-util v0.1.0
[INFO] running `Command { std: "docker" "create" "-v" "/var/lib/crater-agent-workspace/builds/worker-7-tc1/target:/opt/rustwide/target:rw,Z" "-v" "/var/lib/crater-agent-workspace/builds/worker-7-tc1/source:/opt/rustwide/workdir:ro,Z" "-v" "/var/lib/crater-agent-workspace/cargo-home:/opt/rustwide/cargo-home:ro,Z" "-v" "/var/lib/crater-agent-workspace/rustup-home:/opt/rustwide/rustup-home:ro,Z" "-e" "SOURCE_DIR=/opt/rustwide/workdir" "-e" "CARGO_TARGET_DIR=/opt/rustwide/target" "-e" "CARGO_HOME=/opt/rustwide/cargo-home" "-e" "RUSTUP_HOME=/opt/rustwide/rustup-home" "-w" "/opt/rustwide/workdir" "-m" "1610612736" "--user" "0:0" "--network" "none" "ghcr.io/rust-lang/crates-build-env/linux@sha256:19e73879b68f455e41552ea35293514db52ea292d993f571636dbffedb77a1ee" "/opt/rustwide/cargo-home/bin/cargo" "+9610dfe5a9a731ced1ea4923ecbd0c57fe367898" "metadata" "--no-deps" "--format-version=1", kill_on_drop: false }`
[INFO] [stdout] 38415618cdb4b1ade3a4cbb47e480a7579d4b57eecd8946b78cdda99779237f4
[INFO] running `Command { std: "docker" "start" "-a" "38415618cdb4b1ade3a4cbb47e480a7579d4b57eecd8946b78cdda99779237f4", kill_on_drop: false }`
[INFO] running `Command { std: "docker" "inspect" "38415618cdb4b1ade3a4cbb47e480a7579d4b57eecd8946b78cdda99779237f4", kill_on_drop: false }`
[INFO] running `Command { std: "docker" "rm" "-f" "38415618cdb4b1ade3a4cbb47e480a7579d4b57eecd8946b78cdda99779237f4", kill_on_drop: false }`
[INFO] [stdout] 38415618cdb4b1ade3a4cbb47e480a7579d4b57eecd8946b78cdda99779237f4
[INFO] running `Command { std: "docker" "create" "-v" "/var/lib/crater-agent-workspace/builds/worker-7-tc1/target:/opt/rustwide/target:rw,Z" "-v" "/var/lib/crater-agent-workspace/builds/worker-7-tc1/source:/opt/rustwide/workdir:ro,Z" "-v" "/var/lib/crater-agent-workspace/cargo-home:/opt/rustwide/cargo-home:ro,Z" "-v" "/var/lib/crater-agent-workspace/rustup-home:/opt/rustwide/rustup-home:ro,Z" "-e" "SOURCE_DIR=/opt/rustwide/workdir" "-e" "CARGO_TARGET_DIR=/opt/rustwide/target" "-e" "CARGO_INCREMENTAL=0" "-e" "RUST_BACKTRACE=full" "-e" "RUSTFLAGS=--cap-lints=forbid" "-e" "RUSTDOCFLAGS=--cap-lints=forbid" "-e" "CARGO_HOME=/opt/rustwide/cargo-home" "-e" "RUSTUP_HOME=/opt/rustwide/rustup-home" "-w" "/opt/rustwide/workdir" "-m" "1610612736" "--user" "0:0" "--network" "none" "ghcr.io/rust-lang/crates-build-env/linux@sha256:19e73879b68f455e41552ea35293514db52ea292d993f571636dbffedb77a1ee" "/opt/rustwide/cargo-home/bin/cargo" "+9610dfe5a9a731ced1ea4923ecbd0c57fe367898" "check" "--frozen" "--all" "--all-targets" "--message-format=json", kill_on_drop: false }`
[INFO] [stdout] 935a6640ffc3c004dcde39593248a0158a6c9764cd86abcf741c9f5d35fcda38
[INFO] running `Command { std: "docker" "start" "-a" "935a6640ffc3c004dcde39593248a0158a6c9764cd86abcf741c9f5d35fcda38", kill_on_drop: false }`
[INFO] [stderr]     Blocking waiting for file lock on package cache
[INFO] [stderr]     Checking cfg-if v1.0.0
[INFO] [stderr]    Compiling libc v0.2.140
[INFO] [stderr]    Compiling proc-macro2 v1.0.52
[INFO] [stderr]    Compiling autocfg v1.1.0
[INFO] [stderr]    Compiling unicode-ident v1.0.8
[INFO] [stderr]    Compiling quote v1.0.25
[INFO] [stderr]    Compiling syn v1.0.109
[INFO] [stderr]    Compiling version_check v0.9.4
[INFO] [stderr]    Compiling serde_derive v1.0.155
[INFO] [stderr]    Compiling serde v1.0.155
[INFO] [stderr]     Checking once_cell v1.17.1
[INFO] [stderr]    Compiling memchr v2.5.0
[INFO] [stderr]    Compiling log v0.4.17
[INFO] [stderr]    Compiling io-lifetimes v1.0.6
[INFO] [stderr]     Checking tinyvec_macros v0.1.1
[INFO] [stderr]    Compiling rustix v0.36.9
[INFO] [stderr]     Checking tinyvec v1.6.0
[INFO] [stderr]     Checking bitflags v1.3.2
[INFO] [stderr]    Compiling target-lexicon v0.12.6
[INFO] [stderr]     Checking fallible-iterator v0.2.0
[INFO] [stderr]     Checking linux-raw-sys v0.1.4
[INFO] [stderr]     Checking stable_deref_trait v1.2.0
[INFO] [stderr]    Compiling cranelift-isle v0.93.1
[INFO] [stderr]     Checking percent-encoding v2.2.0
[INFO] [stderr]    Compiling indexmap v1.9.2
[INFO] [stderr]     Checking unicode-bidi v0.3.11
[INFO] [stderr]    Compiling ahash v0.7.6
[INFO] [stderr]    Compiling typenum v1.16.0
[INFO] [stderr]     Checking form_urlencoded v1.1.0
[INFO] [stderr]    Compiling cranelift-codegen-shared v0.93.1
[INFO] [stderr]    Compiling crc32fast v1.3.2
[INFO] [stderr]    Compiling thiserror v1.0.39
[INFO] [stderr]    Compiling anyhow v1.0.69
[INFO] [stderr]    Compiling cranelift-codegen-meta v0.93.1
[INFO] [stderr]    Compiling generic-array v0.14.6
[INFO] [stderr]     Checking unicode-normalization v0.1.22
[INFO] [stderr]     Checking byteorder v1.4.3
[INFO] [stderr]    Compiling pkg-config v0.3.26
[INFO] [stderr]    Compiling crossbeam-utils v0.8.15
[INFO] [stderr]    Compiling memoffset v0.8.0
[INFO] [stderr]     Checking fxhash v0.2.1
[INFO] [stderr]     Checking smallvec v1.10.0
[INFO] [stderr]     Checking slice-group-by v0.3.0
[INFO] [stderr]    Compiling crossbeam-epoch v0.9.14
[INFO] [stderr]     Checking arrayvec v0.7.2
[INFO] [stderr]     Checking bumpalo v3.12.0
[INFO] [stderr]     Checking aho-corasick v0.7.20
[INFO] [stderr]     Checking idna v0.3.0
[INFO] [stderr]    Compiling memoffset v0.6.5
[INFO] [stderr]     Checking regex-syntax v0.6.28
[INFO] [stderr]     Checking either v1.8.1
[INFO] [stderr]     Checking regalloc2 v0.5.1
[INFO] [stderr]    Compiling zstd-safe v5.0.2+zstd.1.5.2
[INFO] [stderr]    Compiling jobserver v0.1.26
[INFO] [stderr]     Checking ppv-lite86 v0.2.17
[INFO] [stderr]    Compiling paste v1.0.12
[INFO] [stderr]     Checking scopeguard v1.1.0
[INFO] [stderr]    Compiling cc v1.0.79
[INFO] [stderr]     Checking wasmtime-asm-macros v6.0.1
[INFO] [stderr]     Checking leb128 v0.2.5
[INFO] [stderr]     Checking url v2.3.1
[INFO] [stderr]    Compiling rayon-core v1.11.0
[INFO] [stderr]    Compiling cpp_demangle v0.3.5
[INFO] [stderr]     Checking termcolor v1.2.0
[INFO] [stderr]     Checking humantime v2.1.0
[INFO] [stderr]     Checking crossbeam-deque v0.8.3
[INFO] [stderr]     Checking getrandom v0.2.8
[INFO] [stderr]     Checking rand_core v0.6.4
[INFO] [stderr]     Checking dirs-sys-next v0.1.2
[INFO] [stderr]     Checking num_cpus v1.15.0
[INFO] [stderr]     Checking wasm-encoder v0.25.0
[INFO] [stderr]     Checking regex v1.7.1
[INFO] [stderr]     Checking crossbeam-channel v0.5.7
[INFO] [stderr]     Checking itertools v0.10.5
[INFO] [stderr]     Checking hashbrown v0.12.3
[INFO] [stderr]     Checking rand_chacha v0.3.1
[INFO] [stderr]     Checking crypto-common v0.1.6
[INFO] [stderr]     Checking block-buffer v0.10.4
[INFO] [stderr]    Compiling async-trait v0.1.66
[INFO] [stderr]     Checking rand v0.8.5
[INFO] [stderr]     Checking digest v0.10.6
[INFO] [stderr]    Compiling wasmtime-cache v6.0.1
[INFO] [stderr]     Checking unicode-width v0.1.10
[INFO] [stderr]     Checking cpufeatures v0.2.5
[INFO] [stderr]     Checking sha2 v0.10.6
[INFO] [stderr]     Checking directories-next v2.0.0
[INFO] [stderr]     Checking wasmtime-jit-icache-coherence v6.0.1
[INFO] [stderr]    Compiling wee_alloc v0.4.5
[INFO] [stderr]     Checking base64 v0.13.1
[INFO] [stderr]    Compiling wasmtime v6.0.1
[INFO] [stderr]     Checking rustc-demangle v0.1.21
[INFO] [stderr]     Checking wast v55.0.0
[INFO] [stderr]     Checking memory_units v0.4.0
[INFO] [stderr]     Checking cfg-if v0.1.10
[INFO] [stdout] error[E0463]: can't find crate for `core`
[INFO] [stdout]   |
[INFO] [stdout]   = note: the `wasm32-unknown-unknown` target may not be installed
[INFO] [stdout]   = help: consider downloading the target with `rustup target add wasm32-unknown-unknown`
[INFO] [stdout]   = help: consider building the standard library from source with `cargo build -Zbuild-std`
[INFO] [stdout] 
[INFO] [stdout] 
[INFO] [stdout] error[E0463]: can't find crate for `compiler_builtins`
[INFO] [stdout] 
[INFO] [stdout] 
[INFO] [stdout] error: cannot find attribute `derive` in this scope
[INFO] [stdout]    --> /opt/rustwide/cargo-home/registry/src/index.crates.io-6f17d22bba15001f/memory_units-0.4.0/src/lib.rs:162:7
[INFO] [stdout]     |
[INFO] [stdout] 162 |     #[derive(Debug, Clone, Copy, PartialEq, Eq, PartialOrd, Ord)]
[INFO] [stdout]     |       ^^^^^^
[INFO] [stdout] 
[INFO] [stdout] 
[INFO] [stdout] error: cannot find attribute `derive` in this scope
[INFO] [stdout]    --> /opt/rustwide/cargo-home/registry/src/index.crates.io-6f17d22bba15001f/memory_units-0.4.0/src/lib.rs:92:15
[INFO] [stdout]     |
[INFO] [stdout] 92  |               #[derive(Debug, Clone, Copy, PartialEq, Eq, PartialOrd, Ord)]
[INFO] [stdout]     |                 ^^^^^^
[INFO] [stdout] ...
[INFO] [stdout] 174 | /     define_unit! {
[INFO] [stdout] 175 | |         /// Memory size specified in `wasm32` words.
[INFO] [stdout] 176 | |         newtype Words is bytes = 4;
[INFO] [stdout] 177 | |     }
[INFO] [stdout]     | |_____- in this macro invocation
[INFO] [stdout]     |
[INFO] [stdout]     = note: this error originates in the macro `define_unit` (in Nightly builds, run with -Z macro-backtrace for more info)
[INFO] [stdout] 
[INFO] [stdout] 
[INFO] [stdout] error: cannot find attribute `derive` in this scope
[INFO] [stdout]    --> /opt/rustwide/cargo-home/registry/src/index.crates.io-6f17d22bba15001f/memory_units-0.4.0/src/lib.rs:92:15
[INFO] [stdout]     |
[INFO] [stdout] 92  |               #[derive(Debug, Clone, Copy, PartialEq, Eq, PartialOrd, Ord)]
[INFO] [stdout]     |                 ^^^^^^
[INFO] [stdout] ...
[INFO] [stdout] 179 | /     define_unit! {
[INFO] [stdout] 180 | |         /// Memory size specified in WebAssembly [memory pages][memory page].
[INFO] [stdout] 181 | |         ///
[INFO] [stdout] 182 | |         /// [memory page]: https://en.wikipedia.org/wiki/Page_(computer_memory)
[INFO] [stdout] 183 | |         newtype Pages is bytes = 65536;
[INFO] [stdout] 184 | |     }
[INFO] [stdout]     | |_____- in this macro invocation
[INFO] [stdout]     |
[INFO] [stdout]     = note: this error originates in the macro `define_unit` (in Nightly builds, run with -Z macro-backtrace for more info)
[INFO] [stdout] 
[INFO] [stdout] 
[INFO] [stdout] error[E0405]: cannot find trait `Into` in this scope
[INFO] [stdout]    --> /opt/rustwide/cargo-home/registry/src/index.crates.io-6f17d22bba15001f/memory_units-0.4.0/src/lib.rs:30:17
[INFO] [stdout]     |
[INFO] [stdout] 30  |         impl<T: Into<Bytes>> RoundUpTo<$name> for T {
[INFO] [stdout]     |                 ^^^^ not found in this scope
[INFO] [stdout] ...
[INFO] [stdout] 166 | impl_ops!(Bytes);
[INFO] [stdout]     | ---------------- in this macro invocation
[INFO] [stdout]     |
[INFO] [stdout]     = note: this error originates in the macro `impl_ops` (in Nightly builds, run with -Z macro-backtrace for more info)
[INFO] [stdout] 
[INFO] [stdout] 
[INFO] [stdout] error[E0405]: cannot find trait `Into` in this scope
[INFO] [stdout]    --> /opt/rustwide/cargo-home/registry/src/index.crates.io-6f17d22bba15001f/memory_units-0.4.0/src/lib.rs:37:17
[INFO] [stdout]     |
[INFO] [stdout] 37  |         impl<T: Into<Self>> ops::Add<T> for $name {
[INFO] [stdout]     |                 ^^^^ not found in this scope
[INFO] [stdout] ...
[INFO] [stdout] 166 | impl_ops!(Bytes);
[INFO] [stdout]     | ---------------- in this macro invocation
[INFO] [stdout]     |
[INFO] [stdout]     = note: this error originates in the macro `impl_ops` (in Nightly builds, run with -Z macro-backtrace for more info)
[INFO] [stdout] 
[INFO] [stdout] 
[INFO] [stdout] error[E0405]: cannot find trait `Into` in this scope
[INFO] [stdout]    --> /opt/rustwide/cargo-home/registry/src/index.crates.io-6f17d22bba15001f/memory_units-0.4.0/src/lib.rs:46:17
[INFO] [stdout]     |
[INFO] [stdout] 46  |         impl<T: Into<Self>> ops::Sub<T> for $name {
[INFO] [stdout]     |                 ^^^^ not found in this scope
[INFO] [stdout] ...
[INFO] [stdout] 166 | impl_ops!(Bytes);
[INFO] [stdout]     | ---------------- in this macro invocation
[INFO] [stdout]     |
[INFO] [stdout]     = note: this error originates in the macro `impl_ops` (in Nightly builds, run with -Z macro-backtrace for more info)
[INFO] [stdout] 
[INFO] [stdout] 
[INFO] [stdout] error[E0405]: cannot find trait `Into` in this scope
[INFO] [stdout]    --> /opt/rustwide/cargo-home/registry/src/index.crates.io-6f17d22bba15001f/memory_units-0.4.0/src/lib.rs:55:17
[INFO] [stdout]     |
[INFO] [stdout] 55  |         impl<T: Into<Self>> ops::Mul<T> for $name {
[INFO] [stdout]     |                 ^^^^ not found in this scope
[INFO] [stdout] ...
[INFO] [stdout] 166 | impl_ops!(Bytes);
[INFO] [stdout]     | ---------------- in this macro invocation
[INFO] [stdout]     |
[INFO] [stdout]     = note: this error originates in the macro `impl_ops` (in Nightly builds, run with -Z macro-backtrace for more info)
[INFO] [stdout] 
[INFO] [stdout] 
[INFO] [stdout] error[E0405]: cannot find trait `Into` in this scope
[INFO] [stdout]    --> /opt/rustwide/cargo-home/registry/src/index.crates.io-6f17d22bba15001f/memory_units-0.4.0/src/lib.rs:64:17
[INFO] [stdout]     |
[INFO] [stdout] 64  |         impl<T: Into<Self>> ops::Div<T> for $name {
[INFO] [stdout]     |                 ^^^^ not found in this scope
[INFO] [stdout] ...
[INFO] [stdout] 166 | impl_ops!(Bytes);
[INFO] [stdout]     | ---------------- in this macro invocation
[INFO] [stdout]     |
[INFO] [stdout]     = note: this error originates in the macro `impl_ops` (in Nightly builds, run with -Z macro-backtrace for more info)
[INFO] [stdout] 
[INFO] [stdout] 
[INFO] [stdout] error[E0405]: cannot find trait `From` in this scope
[INFO] [stdout]    --> /opt/rustwide/cargo-home/registry/src/index.crates.io-6f17d22bba15001f/memory_units-0.4.0/src/lib.rs:19:14
[INFO] [stdout]     |
[INFO] [stdout] 19  |           impl From<$name> for Bytes {
[INFO] [stdout]     |                ^^^^ not found in this scope
[INFO] [stdout] ...
[INFO] [stdout] 174 | /     define_unit! {
[INFO] [stdout] 175 | |         /// Memory size specified in `wasm32` words.
[INFO] [stdout] 176 | |         newtype Words is bytes = 4;
[INFO] [stdout] 177 | |     }
[INFO] [stdout]     | |_____- in this macro invocation
[INFO] [stdout]     |
[INFO] [stdout]     = note: this error originates in the macro `impl_from_bytes` which comes from the expansion of the macro `define_unit` (in Nightly builds, run with -Z macro-backtrace for more info)
[INFO] [stdout] 
[INFO] [stdout] 
[INFO] [stdout] error[E0405]: cannot find trait `Into` in this scope
[INFO] [stdout]    --> /opt/rustwide/cargo-home/registry/src/index.crates.io-6f17d22bba15001f/memory_units-0.4.0/src/lib.rs:30:17
[INFO] [stdout]     |
[INFO] [stdout] 30  |           impl<T: Into<Bytes>> RoundUpTo<$name> for T {
[INFO] [stdout]     |                   ^^^^ not found in this scope
[INFO] [stdout] ...
[INFO] [stdout] 174 | /     define_unit! {
[INFO] [stdout] 175 | |         /// Memory size specified in `wasm32` words.
[INFO] [stdout] 176 | |         newtype Words is bytes = 4;
[INFO] [stdout] 177 | |     }
[INFO] [stdout]     | |_____- in this macro invocation
[INFO] [stdout]     |
[INFO] [stdout]     = note: this error originates in the macro `impl_ops` which comes from the expansion of the macro `define_unit` (in Nightly builds, run with -Z macro-backtrace for more info)
[INFO] [stdout] 
[INFO] [stdout] 
[INFO] [stdout] error[E0405]: cannot find trait `Into` in this scope
[INFO] [stdout]    --> /opt/rustwide/cargo-home/registry/src/index.crates.io-6f17d22bba15001f/memory_units-0.4.0/src/lib.rs:37:17
[INFO] [stdout]     |
[INFO] [stdout] 37  |           impl<T: Into<Self>> ops::Add<T> for $name {
[INFO] [stdout]     |                   ^^^^ not found in this scope
[INFO] [stdout] ...
[INFO] [stdout] 174 | /     define_unit! {
[INFO] [stdout] 175 | |         /// Memory size specified in `wasm32` words.
[INFO] [stdout] 176 | |         newtype Words is bytes = 4;
[INFO] [stdout] 177 | |     }
[INFO] [stdout]     | |_____- in this macro invocation
[INFO] [stdout]     |
[INFO] [stdout]     = note: this error originates in the macro `impl_ops` which comes from the expansion of the macro `define_unit` (in Nightly builds, run with -Z macro-backtrace for more info)
[INFO] [stdout] 
[INFO] [stdout] 
[INFO] [stdout] error[E0405]: cannot find trait `Into` in this scope
[INFO] [stdout]    --> /opt/rustwide/cargo-home/registry/src/index.crates.io-6f17d22bba15001f/memory_units-0.4.0/src/lib.rs:46:17
[INFO] [stdout]     |
[INFO] [stdout] 46  |           impl<T: Into<Self>> ops::Sub<T> for $name {
[INFO] [stdout]     |                   ^^^^ not found in this scope
[INFO] [stdout] ...
[INFO] [stdout] 174 | /     define_unit! {
[INFO] [stdout] 175 | |         /// Memory size specified in `wasm32` words.
[INFO] [stdout] 176 | |         newtype Words is bytes = 4;
[INFO] [stdout] 177 | |     }
[INFO] [stdout]     | |_____- in this macro invocation
[INFO] [stdout]     |
[INFO] [stdout]     = note: this error originates in the macro `impl_ops` which comes from the expansion of the macro `define_unit` (in Nightly builds, run with -Z macro-backtrace for more info)
[INFO] [stdout] 
[INFO] [stdout] 
[INFO] [stdout] error[E0405]: cannot find trait `Into` in this scope
[INFO] [stdout]    --> /opt/rustwide/cargo-home/registry/src/index.crates.io-6f17d22bba15001f/memory_units-0.4.0/src/lib.rs:55:17
[INFO] [stdout]     |
[INFO] [stdout] 55  |           impl<T: Into<Self>> ops::Mul<T> for $name {
[INFO] [stdout]     |                   ^^^^ not found in this scope
[INFO] [stdout] ...
[INFO] [stdout] 174 | /     define_unit! {
[INFO] [stdout] 175 | |         /// Memory size specified in `wasm32` words.
[INFO] [stdout] 176 | |         newtype Words is bytes = 4;
[INFO] [stdout] 177 | |     }
[INFO] [stdout]     | |_____- in this macro invocation
[INFO] [stdout]     |
[INFO] [stdout]     = note: this error originates in the macro `impl_ops` which comes from the expansion of the macro `define_unit` (in Nightly builds, run with -Z macro-backtrace for more info)
[INFO] [stdout] 
[INFO] [stdout] 
[INFO] [stdout] error[E0405]: cannot find trait `Into` in this scope
[INFO] [stdout]    --> /opt/rustwide/cargo-home/registry/src/index.crates.io-6f17d22bba15001f/memory_units-0.4.0/src/lib.rs:64:17
[INFO] [stdout]     |
[INFO] [stdout] 64  |           impl<T: Into<Self>> ops::Div<T> for $name {
[INFO] [stdout]     |                   ^^^^ not found in this scope
[INFO] [stdout] ...
[INFO] [stdout] 174 | /     define_unit! {
[INFO] [stdout] 175 | |         /// Memory size specified in `wasm32` words.
[INFO] [stdout] 176 | |         newtype Words is bytes = 4;
[INFO] [stdout] 177 | |     }
[INFO] [stdout]     | |_____- in this macro invocation
[INFO] [stdout]     |
[INFO] [stdout]     = note: this error originates in the macro `impl_ops` which comes from the expansion of the macro `define_unit` (in Nightly builds, run with -Z macro-backtrace for more info)
[INFO] [stdout] 
[INFO] [stdout] 
[INFO] [stdout] error[E0405]: cannot find trait `From` in this scope
[INFO] [stdout]    --> /opt/rustwide/cargo-home/registry/src/index.crates.io-6f17d22bba15001f/memory_units-0.4.0/src/lib.rs:19:14
[INFO] [stdout]     |
[INFO] [stdout] 19  |           impl From<$name> for Bytes {
[INFO] [stdout]     |                ^^^^ not found in this scope
[INFO] [stdout] ...
[INFO] [stdout] 179 | /     define_unit! {
[INFO] [stdout] 180 | |         /// Memory size specified in WebAssembly [memory pages][memory page].
[INFO] [stdout] 181 | |         ///
[INFO] [stdout] 182 | |         /// [memory page]: https://en.wikipedia.org/wiki/Page_(computer_memory)
[INFO] [stdout] 183 | |         newtype Pages is bytes = 65536;
[INFO] [stdout] 184 | |     }
[INFO] [stdout]     | |_____- in this macro invocation
[INFO] [stdout]     |
[INFO] [stdout]     = note: this error originates in the macro `impl_from_bytes` which comes from the expansion of the macro `define_unit` (in Nightly builds, run with -Z macro-backtrace for more info)
[INFO] [stdout] 
[INFO] [stdout] 
[INFO] [stdout] error[E0405]: cannot find trait `Into` in this scope
[INFO] [stdout]    --> /opt/rustwide/cargo-home/registry/src/index.crates.io-6f17d22bba15001f/memory_units-0.4.0/src/lib.rs:30:17
[INFO] [stdout]     |
[INFO] [stdout] 30  |           impl<T: Into<Bytes>> RoundUpTo<$name> for T {
[INFO] [stdout]     |                   ^^^^ not found in this scope
[INFO] [stdout] ...
[INFO] [stdout] 179 | /     define_unit! {
[INFO] [stdout] 180 | |         /// Memory size specified in WebAssembly [memory pages][memory page].
[INFO] [stdout] 181 | |         ///
[INFO] [stdout] 182 | |         /// [memory page]: https://en.wikipedia.org/wiki/Page_(computer_memory)
[INFO] [stdout] 183 | |         newtype Pages is bytes = 65536;
[INFO] [stdout] 184 | |     }
[INFO] [stdout]     | |_____- in this macro invocation
[INFO] [stdout]     |
[INFO] [stdout]     = note: this error originates in the macro `impl_ops` which comes from the expansion of the macro `define_unit` (in Nightly builds, run with -Z macro-backtrace for more info)
[INFO] [stdout] 
[INFO] [stdout] 
[INFO] [stdout] error[E0405]: cannot find trait `Into` in this scope
[INFO] [stdout]    --> /opt/rustwide/cargo-home/registry/src/index.crates.io-6f17d22bba15001f/memory_units-0.4.0/src/lib.rs:37:17
[INFO] [stdout]     |
[INFO] [stdout] 37  |           impl<T: Into<Self>> ops::Add<T> for $name {
[INFO] [stdout]     |                   ^^^^ not found in this scope
[INFO] [stdout] ...
[INFO] [stdout] 179 | /     define_unit! {
[INFO] [stdout] 180 | |         /// Memory size specified in WebAssembly [memory pages][memory page].
[INFO] [stdout] 181 | |         ///
[INFO] [stdout] 182 | |         /// [memory page]: https://en.wikipedia.org/wiki/Page_(computer_memory)
[INFO] [stdout] 183 | |         newtype Pages is bytes = 65536;
[INFO] [stdout] 184 | |     }
[INFO] [stdout]     | |_____- in this macro invocation
[INFO] [stdout]     |
[INFO] [stdout]     = note: this error originates in the macro `impl_ops` which comes from the expansion of the macro `define_unit` (in Nightly builds, run with -Z macro-backtrace for more info)
[INFO] [stdout] 
[INFO] [stdout] 
[INFO] [stdout] error[E0405]: cannot find trait `Into` in this scope
[INFO] [stdout]    --> /opt/rustwide/cargo-home/registry/src/index.crates.io-6f17d22bba15001f/memory_units-0.4.0/src/lib.rs:46:17
[INFO] [stdout]     |
[INFO] [stdout] 46  |           impl<T: Into<Self>> ops::Sub<T> for $name {
[INFO] [stdout]     |                   ^^^^ not found in this scope
[INFO] [stdout] ...
[INFO] [stdout] 179 | /     define_unit! {
[INFO] [stdout] 180 | |         /// Memory size specified in WebAssembly [memory pages][memory page].
[INFO] [stdout] 181 | |         ///
[INFO] [stdout] 182 | |         /// [memory page]: https://en.wikipedia.org/wiki/Page_(computer_memory)
[INFO] [stdout] 183 | |         newtype Pages is bytes = 65536;
[INFO] [stdout] 184 | |     }
[INFO] [stdout]     | |_____- in this macro invocation
[INFO] [stdout]     |
[INFO] [stdout]     = note: this error originates in the macro `impl_ops` which comes from the expansion of the macro `define_unit` (in Nightly builds, run with -Z macro-backtrace for more info)
[INFO] [stdout] 
[INFO] [stdout] 
[INFO] [stdout] error[E0405]: cannot find trait `Into` in this scope
[INFO] [stdout]    --> /opt/rustwide/cargo-home/registry/src/index.crates.io-6f17d22bba15001f/memory_units-0.4.0/src/lib.rs:55:17
[INFO] [stdout]     |
[INFO] [stdout] 55  |           impl<T: Into<Self>> ops::Mul<T> for $name {
[INFO] [stdout]     |                   ^^^^ not found in this scope
[INFO] [stdout] ...
[INFO] [stdout] 179 | /     define_unit! {
[INFO] [stdout] 180 | |         /// Memory size specified in WebAssembly [memory pages][memory page].
[INFO] [stdout] 181 | |         ///
[INFO] [stdout] 182 | |         /// [memory page]: https://en.wikipedia.org/wiki/Page_(computer_memory)
[INFO] [stdout] 183 | |         newtype Pages is bytes = 65536;
[INFO] [stdout] 184 | |     }
[INFO] [stdout]     | |_____- in this macro invocation
[INFO] [stdout]     |
[INFO] [stdout]     = note: this error originates in the macro `impl_ops` which comes from the expansion of the macro `define_unit` (in Nightly builds, run with -Z macro-backtrace for more info)
[INFO] [stdout] 
[INFO] [stdout] 
[INFO] [stdout] error[E0405]: cannot find trait `Into` in this scope
[INFO] [stdout]    --> /opt/rustwide/cargo-home/registry/src/index.crates.io-6f17d22bba15001f/memory_units-0.4.0/src/lib.rs:64:17
[INFO] [stdout]     |
[INFO] [stdout] 64  |           impl<T: Into<Self>> ops::Div<T> for $name {
[INFO] [stdout]     |                   ^^^^ not found in this scope
[INFO] [stdout] ...
[INFO] [stdout] 179 | /     define_unit! {
[INFO] [stdout] 180 | |         /// Memory size specified in WebAssembly [memory pages][memory page].
[INFO] [stdout] 181 | |         ///
[INFO] [stdout] 182 | |         /// [memory page]: https://en.wikipedia.org/wiki/Page_(computer_memory)
[INFO] [stdout] 183 | |         newtype Pages is bytes = 65536;
[INFO] [stdout] 184 | |     }
[INFO] [stdout]     | |_____- in this macro invocation
[INFO] [stdout]     |
[INFO] [stdout]     = note: this error originates in the macro `impl_ops` which comes from the expansion of the macro `define_unit` (in Nightly builds, run with -Z macro-backtrace for more info)
[INFO] [stdout] 
[INFO] [stdout] 
[INFO] [stdout] error: aborting due to 22 previous errors
[INFO] [stdout] 
[INFO] [stdout] 
[INFO] [stdout] Some errors have detailed explanations: E0405, E0463.
[INFO] [stdout] 
[INFO] [stdout] For more information about an error, try `rustc --explain E0405`.
[INFO] [stdout] 
[INFO] [stderr] error: could not compile `memory_units` (lib) due to 23 previous errors
[INFO] [stderr] warning: build failed, waiting for other jobs to finish...
[INFO] [stdout] error[E0463]: can't find crate for `core`
[INFO] [stdout]   |
[INFO] [stdout]   = note: the `wasm32-unknown-unknown` target may not be installed
[INFO] [stdout]   = help: consider downloading the target with `rustup target add wasm32-unknown-unknown`
[INFO] [stdout]   = help: consider building the standard library from source with `cargo build -Zbuild-std`
[INFO] [stdout] 
[INFO] [stdout] 
[INFO] [stdout] error[E0463]: can't find crate for `compiler_builtins`
[INFO] [stdout] 
[INFO] [stdout] 
[INFO] [stdout] error: aborting due to 2 previous errors
[INFO] [stdout] 
[INFO] [stdout] 
[INFO] [stdout] For more information about this error, try `rustc --explain E0463`.
[INFO] [stdout] 
[INFO] [stderr] error: could not compile `cfg-if` (lib) due to 3 previous errors
[INFO] running `Command { std: "docker" "inspect" "935a6640ffc3c004dcde39593248a0158a6c9764cd86abcf741c9f5d35fcda38", kill_on_drop: false }`
[INFO] running `Command { std: "docker" "rm" "-f" "935a6640ffc3c004dcde39593248a0158a6c9764cd86abcf741c9f5d35fcda38", kill_on_drop: false }`
[INFO] [stdout] 935a6640ffc3c004dcde39593248a0158a6c9764cd86abcf741c9f5d35fcda38
